the hundreds digit of a(f)?
4
Suppose 0 = -3*j - 2*a + 1180, -4*j - 4*a + 1758 = 182. Suppose 3*n = 6, 2*b - 4*n - j - 602 = 0. What is the tens digit of b?
0
Suppose -5*o = -5*x - 7*o - 14, 3*x + 4*o = 0. What is the tens digit of -142*(8/(-12))/(x/(-6))?
4
What is the hundreds digit of 231/66*(-7720)/(-7)?
8
Let m(y) = 95*y - 5. Suppose 0 = -5*c + 213 - 193. What is the units digit of m(c)?
5
Let g(z) = -2*z + 10. Let r be (160 - 6)/((-2)/(-1)). Suppose 3*u + 4*u = -r. What is the units digit of g(u)?
2
What is the thousands digit of (-17 + 20)/((-2)/3282*-3)?
1
Suppose -3*b - 4*t - 16 = 0, 3*t = 7 - 1. Let o be b/6*3 - -9. Suppose -6*y + 121 = -o*y. What is the hundreds digit of y?
1
Suppose -167386 = -11*i + 86450. Suppose -173*u - i = -191*u. What is the hundreds digit of u?
2
Let d be (2 - -16)*(-4 + 3). Let c = d + 29. Suppose c*a - 72 = 7*a. What is the tens digit of a?
1
Let c(l) = 34*l**2 - l + 1. Let r be c(-1). Let h = r + 29. What is the tens digit of ((-3)/((-9)/h))/(12/72)?
3
Let q be 4301/(-119) + (3/21 - 0). What is the tens digit of ((-18)/q)/((-3)/(-2346))?
9
Let i(g) = -2*g - g**3 - 5 + 14 + 15. Let q = -5060 - -5060. What is the units digit of i(q)?
4
Let f(w) = w**3 + 16*w**2 + 63*w. Let c be f(-9). Suppose -5*m - 3*u = -137 - 1350, -u + 4 = c. What is the hundreds digit of m?
2
Let v(l) = -1 - 2*l - 8*l + 4*l - 4. Let h be v(-4). Suppose 14*x + 250 = h*x. What is the units digit of x?
0
Let l(t) = -t**3 + 19*t**2 - 27*t - 15. Let g be l(14). Let u = g + -334. What is the hundreds digit of u?
2
Let d = -19414 + 35960. What is the units digit of d?
6
Let g(a) = 2275*a - 626. What is the tens digit of g(8)?
7
Let h be (138/(-4))/((-9)/(-12)). Suppose 970 - 364 = 6*m. Let c = h + m. What is the tens digit of c?
5
Suppose 43*o + 13965 = 50*o. Suppose -1186*i + 1191*i = o. What is the units digit of i?
9
Suppose 2*f - 8*f = -30. What is the tens digit of (f + -2)*12/(-8)*-18?
8
Let s = 1978 - 534. What is the thousands digit of s?
1
Suppose 46*h - 57*h + 21010 = 0. Suppose 7*z - 2570 = h. What is the tens digit of z?
4
Let d be ((-38)/14 - -3)/((-2)/(-28)). Suppose -3*u + 5*u = 5*i - 1241, 4*u = d*i - 988. What is the tens digit of i?
4
Let r = 182 - 158. Let w(d) = -d**3 + 22*d**2 + 62*d - 67. What is the hundreds digit of w(r)?
2
Suppose z - 26 = 5*k, -5*k + 2*z = -2*z + 29. Let d be -8 + k/(-2 - -1). What is the tens digit of 70*(36/(-5))/d?
6
Let v(q) = 2*q + 20. Let a be v(-4). Let t be 44/3 - (2/(-3))/2. Suppose -a*s - 411 = -t*s. What is the tens digit of s?
3
Let i = -58 - -62. Let j be -2 - (i - 1071/1). Suppose 5*a + 5*t = j, 2*a + 2*t - 391 = 7*t. What is the units digit of a?
8
Let z = 444 + -90. Suppose 4*o - z = 206. What is the units digit of o?
0
Let j(d) = d + 9. Let g be j(0). Let z be (0 + (-60)/g)/((-4)/(-54)). Let n = z + 127. What is the tens digit of n?
3
Let j(i) = i**3 + 4*i**2 - 6*i - 5. Let k be j(-5). What is the tens digit of 2 - 1 - (-1155)/7 - k?
6
Suppose -3*s - 2*b - 41 = -b, -4*b - 80 = 5*s. Let d(j) = 4*j**2 + 33*j + 19. What is the units digit of d(s)?
9
Let t be (-6)/21 - (-430)/35. Suppose 8 + 8 = 4*r, -3*r = 5*h - 212. Let p = h + t. What is the units digit of p?
2
Suppose 466852 + 102353 = 21*r. What is the tens digit of r?
0
Let u = -33 - -161. Let t be u/6*((-21)/(-2) - 6). Let l = t + -49. What is the tens digit of l?
4
Let s(a) = 2*a + 9. Let k(i) = i + 6. Let x be k(-8). Let f be s(x). Suppose -109 = -f*u - 4. What is the units digit of u?
1
Let d be 33/198 - (6743/(-6) + -2). Let i = d - 639. What is the tens digit of i?
8
Let l(f) = f**2 + 2*f - 8. Let c be l(-13). Suppose 10*u + c = g + 13*u, u = 2*g - 298. What is the units digit of g?
7
Suppose z + 7*z = z. Suppose 10*k - 14*k + 8 = z. Suppose 0 = -k*j - 2*o + 140, -j + 3*j + 5*o = 149. What is the units digit of j?
7
Let j be (5/(75/(-1629)))/((-1)/5). Let x = -70 + j. What is the tens digit of x?
7
Let o(d) = -d**3 - 4*d**2 + 2*d. Let n be o(-5). Let k be (n/10)/((-9)/(-762)). Suppose -2*r + k = z, 2*r + z = 3*z + 118. What is the units digit of r?
2
Let q(p) be the second derivative of -5/6*p**3 - 5/6*p**4 - 1/20*p**5 - 17*p + 0 + 15/2*p**2. What is the tens digit of q(-10)?
6
What is the units digit of 2/2 + ((-465)/31 - -16050)?
6
Let q(n) = -8*n - 14. Let x(p) = 2*p + 5. Let o(d) = -2*q(d) - 7*x(d). Let j = -31 + 46. What is the units digit of o(j)?
3
Let o(h) = -h**3 + 17*h**2 + 22*h - 44. Let s be o(20). Let j = -14 - s. What is the units digit of j?
0
Let b = 2855 - 1035. Suppose -11*h + 1524 = -b. What is the units digit of h?
4
Suppose -f + 3216 + 599 = q, 0 = -3*f - 2*q + 11450. What is the tens digit of 2/(8/f + 0)?
5
Suppose 32*c = 36*c + 28. Let f(h) = h + 10. Let z be f(c). Suppose -4*s = -z*u + u - 44, 0 = -s - 5*u - 11. What is the units digit of s?
9
Let i be 2 + (0 - -2) + -4. Let k be 0 + 0 - (-585 + i). Suppose p + 4*p - k = 0. What is the tens digit of p?
1
Let v(m) = m**2 + 5*m - 7. Let d = 1 + -7. Let u be v(d). What is the units digit of 31*(-5)/5*u?
1
Suppose 0 = -15*t + 5*t + 40. Let z(i) = 5*i**3 + 7*i**2 - 9*i - 3. What is the units digit of z(t)?
3
Suppose 12*y + 13840 = 16*y. Suppose -2*n - 1728 = -n - 2*a, -3*a + y = -2*n. What is the units digit of n/21*(-3)/2?
4
Suppose -5 = 5*l - 30. Let d be 4 - (-423 + 1) - 7. Suppose -l*f + d = o, 0*f + 3*f - o = 253. What is the units digit of f?
4
Let i(u) = -8*u - 1. Let n(r) = -53*r + 5. Let h(k) = -5*i(k) + n(k). Suppose 4 = 4*j + 16. What is the tens digit of h(j)?
4
Let c be (-2)/(4 - (-1 + 3)) + 6. Suppose 19*b - c*b = 266. Suppose 0 = -b*s + 7*s + 1548. What is the hundreds digit of s?
1
Let k be (23/(-23))/(1/(-25)). Let m be 3 + (-5)/(k/(-3030)). What is the units digit of 2/(-3)*m/(-2)?
3
Let q = -41 - -77. Suppose 4*c + 32 = q. Let d(y) = 7*y**2 - 2*y + 3. What is the units digit of d(c)?
8
Let j = 24092 - 6137. What is the thousands digit of j?
7
Let j(p) = -p**2 + 15*p - 10. Let f be j(14). Let l be 3/(f/32*6). Suppose g = -0*g - l*h + 137, -5*g - 5*h = -730. What is the hundreds digit of g?
1
Suppose 5*c = 3 + 2. Let b = 5 + c. Suppose 335 - 29 = b*u. What is the units digit of u?
1
Let n(y) = -y**2 - 6*y - 2. Let i be n(-6). Let a(m) = -m**3 - 2*m**2 - m. Let q be a(i). What is the units digit of (-4113)/(-63) + q/(-7)?
5
Suppose -16 = -30*h + 26*h. Suppose 5*x = h*u + 96 + 170, 0 = -3*u + 3. Let q = x - -37. What is the units digit of q?
1
Let d(x) = -2*x**3 - 12*x**2 + 97*x - 177. What is the thousands digit of d(-26)?
4
Suppose -970927 - 7953710 = -207*v - 547140. What is the units digit of v?
1
Suppose 3*i = -w + 970, -13*i + 1308 = -9*i + 5*w. Suppose r + 4*y - i = 0, -5*y - 16 = -21. What is the tens digit of r?
1
Let b be (0 - (5 + -6))*83. Suppose 7*c - 281 = b. What is the tens digit of c?
5
Let w(z) = -z**3 + 14*z**2 - 9*z - 45. Let l(c) = 14*c - 44. Let s be l(4). What is the units digit of w(s)?
5
Suppose 7*n = 10*n - 6. What is the tens digit of n*(222 - (-56)/8)?
5
Suppose -422 = i - 2*l - 4279, 7*i = -2*l + 26919. What is the thousands digit of i?
3
What is the units digit of 1951215/6*((-153)/(-21) + -7)?
5
Let s be 12/10 - (-60225)/125. What is the tens digit of 15 + s - (-2 + 6 + 1)?
9
Suppose 0 = -18*x + 256 + 734. Let p = -385 - -957. What is the tens digit of p/x - 3/(-5)?
1
What is the units digit of (-37)/(-7) - (-126)/(-441)?
5
Let f = -9977 + 17010. Suppose 0 = 15*r + 1963 - f. What is the hundreds digit of r?
3
Suppose q - 5662 = 5*j + 2157, 4*q - 31222 = 2*j. What is the thousands digit of q?
7
Let c = 12238 - -14. What is the tens digit of c?
5
Let a = -53 - -53. Suppose d + 2 = -a, 5*d = -2*s - 4. Suppose -141 = -u - s*k, 2 = -k + 1. What is the units digit of u?
4
Suppose -5*z + 9 = -4*h, -3*z - 22 + 20 = 5*h. Suppose -2*p + 12 = p. What is the tens digit of 39/z - (p - 5)*-2?
3
Let u be ((-1)/3)/((-13)/702). Suppose u*c = 35*c - 21369. What is the units digit of c?
7
Let i = 48921 + -34552. What is the hundreds digit of i?
3
Let f(m) = -3*m + 192. Let a(q) = 7*q - 383. Let g(v) = -v**3 + 2*v + 1. Let o be g(-2). Let y(r) = o*f(r) + 2*a(r). What is the tens digit of y(0)?
9
Let b = 50 + -44. Suppose 0*f + 24 = b*f. Suppose f*p + 117 = 5*r - 132, 2*r - 102 = 4*p. What is the tens digit of r?
4
Let v(x) be 